Is 5870870849 prime?
False
Is 313348687 a prime number?
True
Is 595705973 composite?
False
Is 531105761 a composite number?
False
Is 4914874753 a prime number?
True
Is 3028820227 a composite number?
False
Is 4211149307 prime?
False
Is 210188133223 prime?
True
Is 2905824179 a prime number?
True
Is 301740787 prime?
True
Is 3347057579 prime?
True
Is 905267861 prime?
False
Is 15240213409 prime?
True
Is 50809067651 a prime number?
False
Is 196474702261 composite?
True
Is 149357742097 a prime number?
False
Is 1054366831 a composite number?
True
Is 10043336137 a composite number?
False
Is 98626769 composite?
True
Is 281224709 a prime number?
False
Is 44503600681 a composite number?
False
Is 526955593 a composite number?
True
Is 122918963119 a prime number?
True
Is 17852136143 prime?
False
Is 48452066257 a composite number?
True
Is 3107716583 a composite number?
False
Is 30654283 a composite number?
True
Is 685850401 prime?
True
Is 5723648243 prime?
True
Is 5678441141 a composite number?
False
Is 4805081713 a prime number?
True
Is 2596575143 composite?
False
Is 864829859 prime?
False
Is 1026189529 a prime number?
True
Is 124297116641 a composite number?
True
Is 813416673 a prime number?
False
Is 34915233293 a prime number?
False
Is 3654555241 a composite number?
False
Is 10107841771 a composite number?
False
Is 50720904011 a prime number?
False
Is 1866300679 a prime number?
False
Is 576749359 a prime number?
False
Is 6244638209 prime?
False
Is 29997182233 composite?
False
Is 23111922133 composite?
True
Is 4716509491 prime?
True
Is 4211221991 composite?
False
Is 8059240117 a prime number?
False
Is 590244157 prime?
False
Is 5469460993 a composite number?
False
Is 21040880803 a composite number?
True
Is 324770543 prime?
False
Is 23529740863 composite?
True
Is 15804431723 composite?
False
Is 11260665397 prime?
False
Is 44690233 a composite number?
True
Is 6063718679 composite?
False
Is 13500459677 prime?
True
Is 47998711 prime?
False
Is 3135043061 a composite number?
True
Is 709120459 a prime number?
True
Is 6220024511 a prime number?
True
Is 25595356443 prime?
False
Is 139113914273 a prime number?
True
Is 10725621077 prime?
False
Is 103612879099 prime?
False
Is 4312419281 prime?
False
Is 672849455 a composite number?
True
Is 33232523941 prime?
False
Is 22831329589 a prime number?
True
Is 223670120585 composite?
True
Is 6740865295 prime?
False
Is 68132199623 a composite number?
True
Is 73098055507 composite?
True
Is 14230245559 a composite number?
True
Is 2231989783 composite?
False
Is 7854427519 prime?
True
Is 14712356359 prime?
False
Is 54817027189 a prime number?
False
Is 22506740119 a prime number?
True
Is 3516673591 prime?
False
Is 30458498557 prime?
True
Is 477438419 composite?
False
Is 474412693 a prime number?
False
Is 27705005597 composite?
False
Is 38339578567 composite?
False
Is 1267846981 a prime number?
False
Is 15624785437 a composite number?
False
Is 31840762897 a composite number?
False
Is 183966817 composite?
True
Is 7952778893 composite?
False
Is 2108807 prime?
True
Is 3728151703 composite?
False
Is 4635262691 a prime number?
False
Is 190234307 composite?
True
Is 5386360229 a composite number?
False
Is 10702650899 a composite number?
False
Is 1035835417 composite?
False
Is 90214785289 a composite number?
False
Is 14642433821 a composite number?
True
Is 1209834947 prime?
True
Is 17405609141 composite?
False
Is 14037336163 prime?
True
Is 819787307 a composite number?
False
Is 134478967009 a prime number?
True
Is 786966133 a prime number?
True
Is 42108644983 a prime number?
False
Is 20938632959 a prime number?
True
Is 165508339 a prime number?
False
Is 8072082121 composite?
False
Is 1248101011 a composite number?
False
Is 80535811841 a prime number?
False
Is 45746361919 a composite number?
False
Is 9294539341 prime?
True
Is 6274050303 prime?
False
Is 22910478311 composite?
True
Is 171906583 prime?
True
Is 6126499963 composite?
True
Is 179927391923 a composite number?
True
Is 35367830213 prime?
False
Is 14456593589 a composite number?
False
Is 314171747 composite?
True
Is 73843183789 a prime number?
True
Is 11386193087 a composite number?
False
Is 50081435021 a prime number?
True
Is 1216704631 prime?
True
Is 32863254169 a composite number?
True
Is 436194019 prime?
False
Is 98406772403 a composite number?
True
Is 537809891 a composite number?
True
Is 531724819 a composite number?
False
Is 8187511903 a composite number?
False
Is 6519961601 prime?
False
Is 8353073263 prime?
False
Is 755586217 a composite number?
True
Is 421695031 composite?
True
Is 42261549167 a prime number?
False
Is 8536976753 prime?
True
Is 2320499806 prime?
False
Is 21173317799 prime?
False
Is 246890966519 a composite number?
True
Is 22063328993 a prime number?
False
Is 1962036301 prime?
False
Is 5624349509 a composite number?
False
Is 398422469 a prime number?
True
Is 22905940691 a composite number?
True
Is 3496907101 prime?
False
Is 1000039309 a composite number?
True
Is 26252230547 a prime number?
True
Is 5943144413 a composite number?
False
Is 8896874817 composite?
True
Is 2552755 a prime number?
False
Is 540466993 a prime number?
False
Is 5950539113 prime?
False
Is 71077996037 prime?
True
Is 89692629463 a composite number?
False
Is 14975548951 a prime number?
False
Is 2077937591 composite?
True
Is 3632516011 prime?
False
Is 3247141327 a prime number?
True
Is 7847907173 a composite number?
True
Is 34213324469 a composite number?
True
Is 828699329 a composite number?
True
Is 98324294489 a composite number?
False
Is 1548055493 composite?
True
Is 71129077 composite?
False
Is 338326882067 a composite number?
False
Is 28188963811 composite?
True
Is 386922793 composite?
False
Is 1138305297 composite?
True
Is 10514618087 a composite number?
False
Is 21016171069 a prime number?
False
Is 55524140977 a composite number?
False
Is 325473581 prime?
True
Is 9269938121 prime?
True
Is 36520741613 a composite number?
True
Is 41050667869 prime?
True
Is 2657566573 a composite number?
False
Is 37769847887 composite?
True
Is 10586972909 prime?
True
Is 3593805247 a composite number?
False
Is 52120006817 a prime number?
True
Is 1415313331 a composite number?
False
Is 1384594987 a composite number?
True
Is 47230638157 prime?
False
Is 2192988697 composite?
True
Is 424968059 prime?
False
Is 2464125739 a composite number?
False
Is 304451617 composite?
True
Is 382898941 a composite number?
False
Is 139102897 composite?
False
Is 202088923 a composite number?
False
Is 1850402327 a composite number?
False
Is 16419397 a composite number?
True
Is 810749279 prime?
True
Is 2315263367 a composite number?
False
Is 301781177 composite?
True
Is 73768116887 prime?
True
Is 800557627 a composite number?
True
Is 224449345 a prime number?
False
Is 6507459451 composite?
False
Is 46425947 a composite number?
True
Is 11320665883 prime?
True
Is 1172402527 a prime number?
True
Is 30441419 a prime number?
True
Is 25333139999 prime?
True
Is 77492772523 prime?
False
Is 116716154231 composite?
False
Is 88753391173 a prime number?
False
Is 6346735523 a prime number?
True
Is 5117086081 a prime number?
True
Is 10503833101 a prime number?
True
Is 79947547519 prime?
False
Is 24920392507 prime?
False
Is 23944639363 a prime number?
False
Is 976268239 composite?
False
Is 351673457 a composite number?
False
Is 5623784443 prime?
True
Is 2468812967 a composite number?
False
Is 106048472213 a prime number?
False
Is 13763706919 prime?
True
Is 2054008921 prime?
True
Is 482495371 composite?
False
Is 1099572931 composite?
False
Is 267337591 a composite number?
True
Is 449221457 prime?
False
Is 49965137 a composite number?
True
Is 133386125633 composite?
False
Is 21551389 composite?
True
Is 14479140541 prime?
True
Is 2004843247 a prime number?
False
Is 64107457511 composite?
False
Is 58826567923 prime?
False
Is 646777231 prime?
True
Is 653989049 a composite number?
True
Is 2076650057 a prime number?
True
Is 495405343 a composite number?
False
Is 212345293 composite?
True
Is 328326953 prime?
True
Is 7284743009 a prime number?
False
Is 17658742247 a prime number?
True
Is 547483231 composite?
True
Is 13851898253 prime?
True
Is 26362076486 prime?
False
Is 29124678983 prime?
True
Is 899036771 a prime number?
False
Is 2455672357 prime?
Tru